7.
3, 31, 79, 31601
List the prime factors of 1408701181.
179, 569, 13831
List the prime factors of 1301920703.
461, 2824123
List the prime factors of 368074297.
2141, 171917
What are the prime factors of 3065438?
2, 1532719
List the prime factors of 46430902.
2, 7, 887, 3739
List the prime factors of 1790759797.
1790759797
List the prime factors of 3191495098.
2, 11, 131, 1107389
List the prime factors of 201523520.
2, 5, 11, 57251
List the prime factors of 8003820.
2, 3, 5, 11, 67, 181
What are the prime factors of 2481622316?
2, 620405579
What are the prime factors of 21623045?
5, 19, 227611
What are the prime factors of 44807605?
5, 19, 471659
What are the prime factors of 30939644?
2, 7734911
List the prime factors of 127700394.
2, 3, 37, 163, 3529
What are the prime factors of 32811491?
5209, 6299
List the prime factors of 61977225.
3, 5, 826363
What are the prime factors of 6514949?
7, 930707
What are the prime factors of 3453292965?
3, 5, 131, 1757401
What are the prime factors of 326858935?
5, 13, 5028599
What are the prime factors of 5215037694?
2, 3, 29, 29971481
What are the prime factors of 57203243?
19, 3010697
What are the prime factors of 69241101?
3, 23080367
What are the prime factors of 137416060?
2, 5, 6870803
List the prime factors of 187002147.
3, 439, 141991
List the prime factors of 326739862.
2, 953, 171427
What are the prime factors of 181941327?
3, 17, 1189159
List the prime factors of 193689135.
3, 5, 19, 11923
List the prime factors of 47311752.
2, 3, 37, 53279
What are the prime factors of 17913780?
2, 3, 5, 23, 4327
What are the prime factors of 115833516?
2, 3, 9652793
List the prime factors of 1420709606.
2, 710354803
What are the prime factors of 33647381?
33647381
What are the prime factors of 126198760?
2, 5, 19, 47, 3533
List the prime factors of 632454845.
5, 11, 73, 157523
What are the prime factors of 2000551600?
2, 5, 5001379
List the prime factors of 566456143.
11, 2311, 22283
What are the prime factors of 44306485?
5, 71, 137, 911
List the prime factors of 387028278.
2, 3, 7, 13, 277, 853
List the prime factors of 362069720.
2, 5, 103, 87881
List the prime factors of 1154319812.
2, 47, 6139999
List the prime factors of 300279112.
2, 7, 1229, 4363
What are the prime factors of 46773454?
2, 7, 13, 53, 373
List the prime factors of 7376911.
53, 139187
What are the prime factors of 23464321?
61, 109, 3529
List the prime factors of 289478164.
2, 641, 112901
List the prime factors of 353543492.
2, 17, 41, 173, 733
List the prime factors of 99562371.
3, 349, 95093
What are the prime factors of 3533526433?
3533526433
What are the prime factors of 1911391150?
2, 5, 38227823
List the prime factors of 91649066.
2, 23, 59, 33769
What are the prime factors of 178386820?
2, 5, 19, 469439
List the prime factors of 26847993.
3, 8949331
List the prime factors of 294556260.
2, 3, 5, 37, 277, 479
List the prime factors of 5719372921.
337, 16971433
List the prime factors of 2481786861.
3, 419, 1974373
What are the prime factors of 27289516?
2, 47, 379, 383
What are the prime factors of 228247975?
5, 23, 396953
What are the prime factors of 75384786?
2, 3, 113, 111187
List the prime factors of 291623835.
3, 5, 19441589
What are the prime factors of 185922404?
2, 17, 2734153
List the prime factors of 1661463718.
2, 59, 14080201
List the prime factors of 74014779.
3, 24671593
What are the prime factors of 5323701074?
2, 89, 1901, 15733
List the prime factors of 29768829.
3, 41, 5903
What are the prime factors of 4693666029?
3, 13, 647, 186013
List the prime factors of 93551634.
2, 3, 11, 42953
List the prime factors of 146067348.
2, 3, 7, 599, 2903
List the prime factors of 1375612503.
3, 458537501
List the prime factors of 1489353845.
5, 7, 23, 1850129
What are the prime factors of 140100495?
3, 5, 97, 96289
What are the prime factors of 187468602?
2, 3, 97, 322111
List the prime factors of 431767546.
2, 7, 23, 59, 22727
What are the prime factors of 4371921323?
7, 11, 56778199
List the prime factors of 285537713.
457, 624809
What are the prime factors of 33208311?
3, 2897, 3821
What are the prime factors of 167851129?
37, 4536517
What are the prime factors of 2339176661?
227, 10304743
List the prime factors of 58430266.
2, 113, 229, 1129
What are the prime factors of 41287234?
2, 107, 192931
List the prime factors of 640656372.
2, 3, 53388031
What are the prime factors of 121943014?
2, 60971507
List the prime factors of 9428278.
2, 31, 41, 3709
List the prime factors of 1706463815.
5, 7, 19, 43, 83, 719
What are the prime factors of 177675478?
2, 661, 134399
What are the prime factors of 141013634?
2, 70506817
What are the prime factors of 572556763?
31, 18469573
List the prime factors of 843096324.
2, 3, 7, 10036861
List the prime factors of 145302540.
2, 3, 5, 383, 6323
What are the prime factors of 489791602?
2, 73, 3354737
What are the prime factors of 759427088?
2, 7, 31, 31247
List the prime factors of 3572636595.
3, 5, 11, 19, 151, 7547
List the prime factors of 524542056.
2, 3, 21855919
What are the prime factors of 1050205065?
3, 5, 7, 13, 79, 9739
What are the prime factors of 2135089295?
5, 427017859
What are the prime factors of 1209122701?
1209122701
What are the prime factors of 294933864?
2, 3, 1249, 9839
List the prime factors of 39880498.
2, 7, 2848607
List the prime factors of 116508735.
3, 5, 7, 17, 21757
List the prime factors of 270667699.
270667699
List the prime factors of 289765216.
2, 13, 29, 24019
List the prime factors of 2296294638.
2, 3, 11, 71, 490033
List the prime factors of 194178873.
3, 7, 1097, 8429
What are the prime factors of 185404734?
2, 3, 43, 79847
What are the prime factors of 5558402484?
2, 3, 17, 1283, 7079
What are the prime factors of 2992647004?
2, 83, 9013997
What are the prime factors of 1212138470?
2, 5, 121213847
List the prime factors of 958585962.
2, 3, 47, 3399241
List the prime factors of 1095329074.
2, 7, 17, 270719
List the prime factors of 278986880.
2, 5, 19, 22943
What are the prime factors of 7245516680?
2, 5, 67, 2703551
List the prime factors of 325494766.
2, 162747383
List the prime factors of 4116150191.
4349, 946459
List the prime factors of 1738413677.
7, 11, 13, 1736677
What are the prime factors of 192376488?
2, 3, 17, 29, 71, 229
What are the prime factors of 104999642?
2, 11, 103, 46337
List the prime factors of 608890746.
2, 3, 71, 137, 10433
What are the prime factors of 272612830?
2, 5, 7, 3894469
List the prime factors of 19573963.
19573963
What are the prime factors of 527754054?
2, 3, 87959009
List the prime factors of 2680018263.
3, 13, 22906139
What are the prime factors of 30420743?
23, 1322641
What are the prime factors of 98332228?
2, 43, 571699
What are the prime factors of 427727296?
2, 1061, 6299
List the prime factors of 2038593058.
2, 1019, 1000291
What are the prime factors of 110772862?
2, 53, 1045027
List the prime factors of 93336252.
2, 3, 1571, 4951
What are the prime factors of 69885661?
23, 132109
What are the prime factors of 166658982?
2, 3, 7, 3968071
What are the prime factors of 5739708798?
2, 3, 1307, 243973
What are the prime factors of 580668040?
2, 5, 89, 163109
List the prime factors of 896231242.
2, 37, 1373, 8821
What are the prime factors of 687884585?
5, 137576917
What are the prime factors of 9286842?
2, 3, 1547807
List the prime factors of 23079432.
2, 3, 961643
What are the prime factors of 461716599?
3, 37, 1459, 2851
What are the prime factors of 2235295248?
2, 3, 46568651
List the prime factors of 278478828.
2, 3, 31, 249533
List the prime factors of 172896500.
2, 5, 7, 7057
List the prime factors of 38544362.
2, 109, 176809
What are the prime factors of 221712947?
79, 2806493
What are the prime factors of 25056090?
2, 3, 5, 199, 1399
List the prime factors of 132024508.
2, 7, 11, 23, 18637
List the prime factors of 559820683.
41, 107, 127609
What are the prime factors of 31325636?
2, 7831409
What are the prime factors of 167108401?
19, 907, 9697
What are the prime factors of 179735062?
2, 13, 41, 139, 1213
What are the prime factors of 4366103347?
19, 229794913
What are the prime factors of 445347256?
2, 1723, 32309
What are the prime factors of 1175430398?
2, 14939, 39341
What are the prime factors of